{"id":390,"date":"2018-03-11T21:24:23","date_gmt":"2018-03-11T21:24:23","guid":{"rendered":"http:\/\/aikidoiwamapanama.com\/?page_id=390"},"modified":"2025-09-09T20:34:25","modified_gmt":"2025-09-09T20:34:25","slug":"nosotros","status":"publish","type":"page","link":"https:\/\/aikidoiwamapanama.com\/?page_id=390","title":{"rendered":"Nosotros"},"content":{"rendered":"<p style=\"text-align: center;\"><span style=\"color: #000000;\"><strong>Quienes somos?<\/strong><\/span><\/p>\n<p style=\"text-align: justify;\"><span style=\"color: #000000;\">Somos una organizaci\u00f3n fundada en 1985, que se dedica a difundir el Aikido Tradicional o <em>Dentou Iwama Ryu<\/em> en la Rep\u00fablica de Panam\u00e1.<\/span><br \/>\n<span style=\"color: #000000;\">En el plano internacional nuestros dojos en Panam\u00e1 est\u00e1n afiliados a la sede central del <a title=\"Hombu dojo\" href=\"http:\/\/iwamashinshinaikido.com\/\" target=\"_blank\" rel=\"noopener noreferrer\">Iwama Shin <\/a><\/span><span style=\"color: #000000;\"><a href=\"http:\/\/iwamashinshinaikido.com\/\" target=\"_blank\" rel=\"noopener noreferrer\">Shin Aiki Shurenkai<\/a> (ISSASK).\u00a0 Contamos con <\/span><span style=\"color: #000000;\">una Junta Administrativa que se rige por las normas de Pandeportes y con un <\/span><span style=\"color: #000000;\">Comit\u00e9 T\u00e9cnico constituido por cinturones negros, entre los que se destacan <\/span><span style=\"color: #000000;\">estudiantes directos (<i>uchideshis)<\/i> del Soke<\/span><span style=\"color: #000000;\"> Hitohira Saito, quien es el l\u00edder mundial de ISSASK (Iwama Shin Shin Aiki Shurenkai).\u00a0 <\/span><\/p>\n<p style=\"text-align: justify;\">\n","protected":false},"excerpt":{"rendered":"<p>Quienes somos? Somos una organizaci\u00f3n fundada en 1985, que se dedica a difundir el Aikido Tradicional o Dentou Iwama Ryu en la Rep\u00fablica de Panam\u00e1. En el plano internacional nuestros dojos en Panam\u00e1 est\u00e1n afiliados a la sede central del Iwama Shin Shin Aiki Shurenkai (ISSASK).\u00a0 Contamos con una Junta Administrativa que se rige por [&hellip;]<\/p>\n","protected":false},"author":2,"featured_media":0,"parent":0,"menu_order":0,"comment_status":"closed","ping_status":"closed","template":"","meta":{"_regular_price":[],"currency_symbol":[],"footnotes":""},"class_list":["post-390","page","type-page","status-publish","hentry"],"post_slider_layout_featured_media_urls":{"thumbnail":"","post_slider_layout_landscape_large":"","post_slider_layout_portrait_large":"","post_slider_layout_square_large":"","post_slider_layout_landscape":"","post_slider_layout_portrait":"","post_slider_layout_square":"","full":""},"_links":{"self":[{"href":"https:\/\/aikidoiwamapanama.com\/index.php?rest_route=\/wp\/v2\/pages\/390","targetHints":{"allow":["GET"]}}],"collection":[{"href":"https:\/\/aikidoiwamapanama.com\/index.php?rest_route=\/wp\/v2\/pages"}],"about":[{"href":"https:\/\/aikidoiwamapanama.com\/index.php?rest_route=\/wp\/v2\/types\/page"}],"author":[{"embeddable":true,"href":"https:\/\/aikidoiwamapanama.com\/index.php?rest_route=\/wp\/v2\/users\/2"}],"replies":[{"embeddable":true,"href":"https:\/\/aikidoiwamapanama.com\/index.php?rest_route=%2Fwp%2Fv2%2Fcomments&post=390"}],"version-history":[{"count":3,"href":"https:\/\/aikidoiwamapanama.com\/index.php?rest_route=\/wp\/v2\/pages\/390\/revisions"}],"predecessor-version":[{"id":951,"href":"https:\/\/aikidoiwamapanama.com\/index.php?rest_route=\/wp\/v2\/pages\/390\/revisions\/951"}],"wp:attachment":[{"href":"https:\/\/aikidoiwamapanama.com\/index.php?rest_route=%2Fwp%2Fv2%2Fmedia&parent=390"}],"curies":[{"name":"wp","href":"https:\/\/api.w.org\/{rel}","templated":true}]}}