{"id":532,"date":"2018-11-21T20:47:20","date_gmt":"2018-11-21T20:47:20","guid":{"rendered":"http:\/\/aikidoiwamapanama.com\/?page_id=532"},"modified":"2025-09-06T18:26:55","modified_gmt":"2025-09-06T18:26:55","slug":"entrenamiento-de-las-bases-del-aikido","status":"publish","type":"page","link":"https:\/\/aikidoiwamapanama.com\/?page_id=532","title":{"rendered":"Entrenamiento de las bases del Aikido"},"content":{"rendered":"\n<p><strong>El Aikido Tradicional de&nbsp;<\/strong><strong>Iwama<\/strong><strong>&nbsp;(<\/strong><strong>Dento<\/strong><strong>&nbsp;<\/strong><strong>Iwama<\/strong><strong>&nbsp;<\/strong><strong>Ryu<\/strong><strong>)<\/strong><\/p>\n\n\n<div class=\"wp-block-image\">\n<figure class=\"alignleft\"><img loading=\"lazy\" decoding=\"async\" width=\"229\" height=\"281\" src=\"http:\/\/aikidoiwamapanama.com\/wp-content\/uploads\/2018\/12\/o_sensei-1.jpg\" alt=\"\" class=\"wp-image-678\"\/><figcaption class=\"wp-element-caption\">Morihei Ueshiba (O\u00b4Sensei)<br>(1883-1969)<\/figcaption><\/figure><\/div>\n\n\n<p><strong>El Aikido Tradicional de&nbsp;Iwama&nbsp;(Dento&nbsp;Iwama&nbsp;Ryu)<\/strong><strong>.<\/strong>&nbsp;<\/p>\n\n\n\n<p>En su evoluci\u00f3n el Aikido conoce varias etapas, una de ellas, es&nbsp;la&nbsp;madurada&nbsp;por&nbsp;Morihei&nbsp;Ueshiba&nbsp;en la d\u00e9cada de los a\u00f1os 30 y hasta 1942, a\u00f1o donde comienzan las primeras referencias al arte practicado por&nbsp;O\u2019Sensei&nbsp;como \u201cAikido\u201d. Durante este tiempo, en la efervescencia de la Segunda Guerra Mundial, el fundador se muda a&nbsp;Iwama.&nbsp; All\u00ed en&nbsp;Iwama, la intensa pr\u00e1ctica le lleva a alcanzar un nivel de perfecci\u00f3n tal que, se le reconoce como el principal artista marcial de su \u00e9poca, sin duda un hombre dotado de facultades excepcionales.&nbsp;<\/p>\n\n\n\n<p>El\u00a0Aikido conoce as\u00ed, en la etapa\u00a0de la Post guerra, una expansi\u00f3n en todo el Jap\u00f3n.\u00a0\u00a0O\u2019Sensei\u00a0viaja permanentemente e impone la norma de ir a entrenar a\u00a0Iwama\u00a0las armas\u00a0Aiki\u00a0(jo\u00a0y\u00a0bokken). Por esto, mientras en Tokio y otras provincias se entrenaba principalmente las t\u00e9cnicas de\u00a0manos\u00a0 libres\u00a0(cuerpo a cuerpo), en el Dojo de\u00a0Iwama\u00a0los niveles y la intensidad de la pr\u00e1ctica que inclu\u00eda el estudio de las armas, lo diferencia a tal punto que la forma de entrenamiento de este Dojo le merece el calificativo de\u00a0Iwama\u00a0Ryu\u00a0(conocido como el Aikido de Iwama o Aikido Iwama Ryu )<\/p>\n","protected":false},"excerpt":{"rendered":"<p>El Aikido Tradicional de&nbsp;Iwama&nbsp;(Dento&nbsp;Iwama&nbsp;Ryu) El Aikido Tradicional de&nbsp;Iwama&nbsp;(Dento&nbsp;Iwama&nbsp;Ryu).&nbsp; En su evoluci\u00f3n el Aikido conoce varias etapas, una de ellas, es&nbsp;la&nbsp;madurada&nbsp;por&nbsp;Morihei&nbsp;Ueshiba&nbsp;en la d\u00e9cada de los a\u00f1os 30 y hasta 1942, a\u00f1o donde comienzan las primeras referencias al arte practicado por&nbsp;O\u2019Sensei&nbsp;como \u201cAikido\u201d. Durante este tiempo, en la efervescencia de la Segunda Guerra Mundial, el fundador se muda [&hellip;]<\/p>\n","protected":false},"author":2,"featured_media":533,"parent":0,"menu_order":0,"comment_status":"closed","ping_status":"closed","template":"","meta":{"_regular_price":[],"currency_symbol":[],"footnotes":""},"class_list":["post-532","page","type-page","status-publish","has-post-thumbnail","hentry"],"post_slider_layout_featured_media_urls":{"thumbnail":["https:\/\/aikidoiwamapanama.com\/wp-content\/uploads\/2018\/11\/SEMINARIO-AIKIDO_Panama_24-junio-2017-150x150.jpg",150,150,true],"post_slider_layout_landscape_large":["https:\/\/aikidoiwamapanama.com\/wp-content\/uploads\/2018\/11\/SEMINARIO-AIKIDO_Panama_24-junio-2017-scaled.jpg",1200,800,false],"post_slider_layout_portrait_large":["https:\/\/aikidoiwamapanama.com\/wp-content\/uploads\/2018\/11\/SEMINARIO-AIKIDO_Panama_24-junio-2017-scaled.jpg",1200,800,false],"post_slider_layout_square_large":["https:\/\/aikidoiwamapanama.com\/wp-content\/uploads\/2018\/11\/SEMINARIO-AIKIDO_Panama_24-junio-2017-scaled.jpg",1200,800,false],"post_slider_layout_landscape":["https:\/\/aikidoiwamapanama.com\/wp-content\/uploads\/2018\/11\/SEMINARIO-AIKIDO_Panama_24-junio-2017-scaled.jpg",600,400,false],"post_slider_layout_portrait":["https:\/\/aikidoiwamapanama.com\/wp-content\/uploads\/2018\/11\/SEMINARIO-AIKIDO_Panama_24-junio-2017-scaled.jpg",600,400,false],"post_slider_layout_square":["https:\/\/aikidoiwamapanama.com\/wp-content\/uploads\/2018\/11\/SEMINARIO-AIKIDO_Panama_24-junio-2017-scaled.jpg",600,400,false],"full":["https:\/\/aikidoiwamapanama.com\/wp-content\/uploads\/2018\/11\/SEMINARIO-AIKIDO_Panama_24-junio-2017-scaled.jpg",2560,1707,false]},"_links":{"self":[{"href":"https:\/\/aikidoiwamapanama.com\/index.php?rest_route=\/wp\/v2\/pages\/532","targetHints":{"allow":["GET"]}}],"collection":[{"href":"https:\/\/aikidoiwamapanama.com\/index.php?rest_route=\/wp\/v2\/pages"}],"about":[{"href":"https:\/\/aikidoiwamapanama.com\/index.php?rest_route=\/wp\/v2\/types\/page"}],"author":[{"embeddable":true,"href":"https:\/\/aikidoiwamapanama.com\/index.php?rest_route=\/wp\/v2\/users\/2"}],"replies":[{"embeddable":true,"href":"https:\/\/aikidoiwamapanama.com\/index.php?rest_route=%2Fwp%2Fv2%2Fcomments&post=532"}],"version-history":[{"count":7,"href":"https:\/\/aikidoiwamapanama.com\/index.php?rest_route=\/wp\/v2\/pages\/532\/revisions"}],"predecessor-version":[{"id":886,"href":"https:\/\/aikidoiwamapanama.com\/index.php?rest_route=\/wp\/v2\/pages\/532\/revisions\/886"}],"wp:featuredmedia":[{"embeddable":true,"href":"https:\/\/aikidoiwamapanama.com\/index.php?rest_route=\/wp\/v2\/media\/533"}],"wp:attachment":[{"href":"https:\/\/aikidoiwamapanama.com\/index.php?rest_route=%2Fwp%2Fv2%2Fmedia&parent=532"}],"curies":[{"name":"wp","href":"https:\/\/api.w.org\/{rel}","templated":true}]}}